1817
What are the prime factors of 54001?
54001
List the prime factors of 5008.
2, 313
List the prime factors of 26129.
17, 29, 53
List the prime factors of 81680.
2, 5, 1021
List the prime factors of 1677.
3, 13, 43
What are the prime factors of 2358?
2, 3, 131
List the prime factors of 2053.
2053
What are the prime factors of 20276?
2, 37, 137
What are the prime factors of 3653?
13, 281
What are the prime factors of 52784?
2, 3299
List the prime factors of 1417.
13, 109
List the prime factors of 341.
11, 31
List the prime factors of 37680.
2, 3, 5, 157
List the prime factors of 1012.
2, 11, 23
What are the prime factors of 23698?
2, 17, 41
List the prime factors of 8235.
3, 5, 61
List the prime factors of 7996.
2, 1999
What are the prime factors of 9394?
2, 7, 11, 61
List the prime factors of 75382.
2, 37691
What are the prime factors of 104946?
2, 3, 17491
List the prime factors of 48811.
7, 19, 367
What are the prime factors of 6962?
2, 59
List the prime factors of 13664.
2, 7, 61
List the prime factors of 17151.
3, 5717
List the prime factors of 76013.
7, 10859
What are the prime factors of 14168?
2, 7, 11, 23
List the prime factors of 11809.
7, 241
What are the prime factors of 57?
3, 19
List the prime factors of 11449.
107
List the prime factors of 21861.
3, 7, 347
What are the prime factors of 3343?
3343
What are the prime factors of 13526?
2, 6763
List the prime factors of 7217.
7, 1031
List the prime factors of 2129.
2129
List the prime factors of 2597.
7, 53
List the prime factors of 21.
3, 7
List the prime factors of 23426.
2, 13, 17, 53
List the prime factors of 14784.
2, 3, 7, 11
List the prime factors of 7382.
2, 3691
What are the prime factors of 23982?
2, 3, 7, 571
What are the prime factors of 13930?
2, 5, 7, 199
What are the prime factors of 6623?
37, 179
What are the prime factors of 4368?
2, 3, 7, 13
List the prime factors of 63777.
3, 7, 3037
What are the prime factors of 15052?
2, 53, 71
What are the prime factors of 20941?
43, 487
What are the prime factors of 1587?
3, 23
List the prime factors of 601.
601
What are the prime factors of 798?
2, 3, 7, 19
What are the prime factors of 1174?
2, 587
What are the prime factors of 38332?
2, 7, 37
List the prime factors of 3431.
47, 73
What are the prime factors of 3291?
3, 1097
List the prime factors of 29234.
2, 47, 311
List the prime factors of 18262.
2, 23, 397
List the prime factors of 23630.
2, 5, 17, 139
What are the prime factors of 7618?
2, 13, 293
List the prime factors of 177.
3, 59
What are the prime factors of 2293?
2293
List the prime factors of 6288.
2, 3, 131
What are the prime factors of 6059?
73, 83
List the prime factors of 184.
2, 23
List the prime factors of 42581.
7, 11, 79
What are the prime factors of 12282?
2, 3, 23, 89
What are the prime factors of 9190?
2, 5, 919
List the prime factors of 1383.
3, 461
List the prime factors of 11147.
71, 157
What are the prime factors of 8510?
2, 5, 23, 37
List the prime factors of 10792.
2, 19, 71
What are the prime factors of 1464?
2, 3, 61
What are the prime factors of 677?
677
List the prime factors of 24175.
5, 967
List the prime factors of 87892.
2, 7, 43, 73
What are the prime factors of 222?
2, 3, 37
What are the prime factors of 148960?
2, 5, 7, 19
What are the prime factors of 82083?
3, 27361
What are the prime factors of 13293?
3, 7, 211
What are the prime factors of 8401?
31, 271
What are the prime factors of 57923?
57923
List the prime factors of 73567.
13, 5659
What are the prime factors of 303?
3, 101
What are the prime factors of 21397?
21397
List the prime factors of 20117.
20117
List the prime factors of 3295.
5, 659
List the prime factors of 38484.
2, 3, 1069
What are the prime factors of 28375?
5, 227
What are the prime factors of 38925?
3, 5, 173
What are the prime factors of 11255?
5, 2251
List the prime factors of 7100.
2, 5, 71
What are the prime factors of 2362?
2, 1181
List the prime factors of 10100.
2, 5, 101
List the prime factors of 2209.
47
List the prime factors of 423.
3, 47
List the prime factors of 69507.
3, 7723
What are the prime factors of 50201?
17, 2953
What are the prime factors of 91878?
2, 3, 15313
List the prime factors of 107117.
17, 6301
What are the prime factors of 16489?
11, 1499
What are the prime factors of 1610?
2, 5, 7, 23
List the prime factors of 27640.
2, 5, 691
What are the prime factors of 5172?
2, 3, 431
What are the prime factors of 15849?
3, 587
What are the prime factors of 1871?
1871
What are the prime factors of 1389?
3, 463
What are the prime factors of 15135?
3, 5, 1009
What are the prime factors of 21441?
3, 7, 1021
What are the prime factors of 2281?
2281
List the prime factors of 967.
967
List the prime factors of 498.
2, 3, 83
What are the prime factors of 8723?
11, 13, 61
List the prime factors of 12368.
2, 773
List the prime factors of 36217.
36217
List the prime factors of 13752.
2, 3, 191
What are the prime factors of 15943?
107, 149
List the prime factors of 537.
3, 179
List the prime factors of 119.
7, 17
List the prime factors of 1784.
2, 223
List the prime factors of 818.
2, 409
What are the prime factors of 92064?
2, 3, 7, 137
What are the prime factors of 2227?
17, 131
What are the prime factors of 1536?
2, 3
What are the prime factors of 4623?
3, 23, 67
What are the prime factors of 1848?
2, 3, 7, 11
What are the prime factors of 1599?
3, 13, 41
What are the prime factors of 505?
5, 101
List the prime factors of 2424.
2, 3, 101
What are the prime factors of 5031?
3, 13, 43
List the prime factors of 15455.
5, 11, 281
List the prime factors of 212.
2, 53
What are the prime factors of 15156?
2, 3, 421
List the prime factors of 47088.
2, 3, 109
What are the prime factors of 1988?
2, 7, 71
List the prime factors of 13530.
2, 3, 5, 11, 41
List the prime factors of 2882.
2, 11, 131
What are the prime factors of 5302?
2, 11, 241
List the prime factors of 243.
3
List the prime factors of 7971.
3, 2657
What are the prime factors of 13619?
13619
What are the prime factors of 11320?
2, 5, 283
What are the prime factors of 1060?
2, 5, 53
What are the prime factors of 10957?
10957
List the prime factors of 124.
2, 31
List the prime factors of 746.
2, 373
List the prime factors of 1482.
2, 3, 13, 19
List the prime factors of 14416.
2, 17, 53
What are the prime factors of 12414?
2, 3, 2069
What are the prime factors of 1302?
2, 3, 7, 31
What are the prime factors of 3026?
2, 17, 89
List the prime factors of 3252.
2, 3, 271
List the prime factors of 12298.
2, 11, 13, 43
What are the prime factors of 552?
2, 3, 23
What are the prime factors of 12704?
2, 397
What are the prime factors of 630?
2, 3, 5, 7
List the prime factors of 110629.
110629
What are the prime factors of 5528?
2, 691
List the prime factors of 2931.
3, 977
What are the prime factors of 33243?
3, 7, 1583
List the prime factors of 1221.
3, 11, 37
List the prime factors of 868.
2, 7, 31
List the prime factors of 15174.
2, 3, 281
List the prime factors of 2629.
11, 239
List the prime factors of 227.
227
What are the prime factors of 145727?
43, 3389
What are the prime factors of 2870?
2, 5, 7, 41
List the prime factors of 106860.
2, 3, 5, 13, 137
List the prime factors of 2841.
3, 947
List the prime factors of 18041.
18041
List the prime factors of 2709.
3, 7, 43
List the prime factors of 1776.
2, 3, 37
What are the prime factors of 60764?
2, 11, 1381
List the prime factors of 19909.
43, 463
List the prime factors of 3755.
5, 751
List the prime factors of 560.
2, 5, 7
List the prime factors of 813.
3, 271
List the prime factors of 2388.
2, 3, 199
What are the prime factors of 16709?
7, 11, 31
List the prime factors of 77812.
2, 7, 397
List the prime factors of 9.
3
What are the prime factors of 1150?
2, 5, 23
What are the prime factors of 17655?
3, 5, 11, 107
What are the prime factors of 927?
3, 103
What are the prime factors of 12365?
5, 2473
What are the prime factors of 4179?
3, 7, 199
List the prime factors of 1022.
2, 7, 73
List the prime factors of 19078.
2, 9539
What are the prime factors of 160449?
3, 79, 677
What are the prime factors of 3173?
19, 167
What are the prime factors of 24304?
2, 7, 31
What are the prime factors of 2180?
2, 5, 109
List the prime factors of 5177.
31, 1